3 - 110)
7
What is (29 - (28 + -13)) + 11 + 9?
34
What is (-8 + 3 - -9) + (3 - 7) + -84?
-84
(-1 - 11) + 89 + 5 + -40
42
What is the value of (-17 - (-50 + 17)) + 35?
51
Calculate -1 - (-140 - -118) - -89.
110
Calculate -58 - (-54 + 19 - 52).
29
What is the value of 78 - (6 + (75 - 21))?
18
Calculate 3 + 1 + (60 - 57) + -1 + -1.
5
What is the value of 7 + -8 - (-133 + 210)?
-78
107 + (17 - (7 + (-19 - -44)))
92
What is (-1 - 30) + (-41 - (25 + -54 - 25))?
-18
Calculate (0 - 1) + 37 + (26 + -86 + 33 - -32).
41
What is 64 - (-24 - -159) - (1 + 2 - -16)?
-90
What is the value of 57 + -19 + -66 - -160?
132
What is (-128 + 168 - (3 - -142)) + -9?
-114
What is 18 - (43 + -46 + 7)?
14
49 - (-61 + -46 + 31 + -25)
150
140 - (126 - (51 - 147))
-82
Calculate -28 + (-2 + 3 - (9 + (-3 - 1))).
-32
-1 + -72 - (-2817 + 2756) - (0 + 0 - 76)
64
Calculate 225 - 408 - -177 - (42 + (0 - (3 - 2))).
-47
Calculate -12 + 5 + ((-1 - -9) + 5 - (-7 + 16)).
-3
Evaluate (1921 - 2027 - (0 - 5)) + 10.
-91
Evaluate (2 - 44 - -44) + 8.
10
(-14 - -27) + (-199 - -180)
-6
-13 - (-10 - 7 - -19) - -19
4
What is the value of (29 - -71) + -136 + -1 + 40?
3
What is the value of (-1 - (35 - 9)) + -14?
-41
Calculate -70 - ((-39 - -42) + (0 - -5)).
-78
92 + -7 + 18 + 9 + -25 + -1 + 2
88
What is the value of (25 - (-7 - -14) - 7) + -5 + 28?
34
What is the value of 31 - 42 - 3 - 20 - 55?
-89
Evaluate (29 - 10 - -2) + -133 - -16.
-96
What is the value of 122 - 123 - (40 + 3) - -16?
-28
What is 60 - 4 - (-248 - -369)?
-65
Calculate -35 + 16 - (-51 - 75).
107
Evaluate -18 + 19 + (0 - -19) + 5 + 0.
25
What is -2 + -7 + (11 + 28 - 29 - 26) + -49?
-74
What is 60 + (45 - 78) - 38?
-11
What is the value of (96 - 1) + 134 + -15 + -143?
71
30 + 58 + -40 - (-12 - 9)
69
Calculate 8 + -3 + 13 + 27 - (-1 - -12) - 0.
34
Calculate 178 - ((17 - 58) + 133).
86
-108 + (-73 - -51 - -73)
-57
What is the value of 34 + 0 + (-6 + (-2 + -5 - -9) - -12)?
42
What is -6 + 6 + (-6 - (61 - 3)) + 7 + -5?
-62
(7 - (-34 - -41 - (-2 - (-6 - -3)))) + -2
-1
What is (200 - 193 - (10 - -1)) + -6 + (6 - 85)?
-89
Evaluate 15 + (23 - 0) + -55 - -9.
-8
Calculate -34 - -1 - (105 + -52 - 18).
-68
What is the value of -272 + 273 + -113 + -2?
-114
What is (15 + -26 - 1) + -17 + -9?
-38
What is the value of -208 + -96 + 157 + (3 - -12)?
-132
What is 7 - (4 + -68 + 98)?
-27
What is the value of (47 - -4) + 74 + (106 - 166)?
65
What is 0 - -17 - (107 - (-45 - -125))?
-10
9 + 1 + (32 - 15 - -7 - (3 - -1))
30
-39 + (50 - -36 - 82)
-35
What is the value of (-1 + -22 - (-609 - -589)) + (1 - 31)?
-33
What is the value of -1 + (-7 - -3) - -20 - (-249 - -386)?
-122
What is (-32 + -2 + 61 - -8) + (5 - (-2 + 0))?
42
-39 - (-57 + 47 - 2)
-27
27 + (47 + (-11 - 16) - 72)
-25
41 + (19 - (33 + -3 + -20))
50
Evaluate 32 + (-62 - (-22 + -1)) + -105.
-112
Evaluate (-12 - 3) + (-2 - (-4 + 17)).
-30
Evaluate (-4 - (24 - (32 - 13))) + (-49 - (0 - -2)).
-60
What is the value of (133 - 128) + (0 - 13) + 5 - 2 - 85?
-90
What is 5 + (2 + -8 - (-140 - -121) - (0 - -75))?
-57
Evaluate 9 - (-1 - (2 - -4) - (-48 - (25 + -57))).
0
3 + -1 + -21 + 20 + -1 + -16
-16
4 - ((121 - 129) + (-7 - 0) + -1 + -12)
32
Calculate 8 + -4 - 5 - (17 - -14 - 21 - -48).
-59
Calculate (-15 - -12) + -66 + (21 - -1).
-47
Evaluate -6 - (-20 - (10 + 14)).
38
((18 - -39) + -9 - 39) + -2 + -54
-47
What is -9 - (73 - 18 - 12 - (1 - (4 + -3)))?
-52
Evaluate -23 - (0 - 7 - (-65 + 34)).
-47
What is 63 - (2 + -3 - -9 - (14 - 18))?
51
Evaluate 1 + (-9 - (72 + -8) - (1 - 12)).
-61
What is -17 + (-3 - -24) + 78 + -33?
49
What is 29 - (-25 - (-5 + 27 - 19))?
57
-268 + 162 + (-2 - -8 - (-5 - -32))
-127
Evaluate -35 + 26 + 12 + -3 - (-65 + -1 - -2).
64
What is the value of -66 + (162 - 36 - 81)?
-21
What is the value of 347 + -469 + 119 + -1 + 1 + -78?
-81
Calculate -16372 - -16395 - (-19 - (-2 + 0)).
40
What is the value of 431 + -421 - (-6 - -52)?
-36
What is 0 + -20 + 3945 + -3921?
4
What is 43 + -51 + -60 + 18?
-50
0 - -2 - (-16 - (8 - 16)) - 45
-35
What is (8 - 27) + 31 - ((-8 - (-2 - 4)) + 10)?
4
What is 49 - 29 - 18 - -31?
33
(-191 + 442 - 253) + (-1 - (0 - -1)) + 6
2
What is (1 - -8) + -3 + 0 - 18 - -29?
17
What is the value of 36 + 53 + (-41 - 9)?
39
-144 + (55 - -109) - (9 - 1)
12
What is 7 - (19 + -17 + 1 + -92) - (-2 - 1)?
99
-556 + 556 + (3 + 1 + -1 - 0) + -4
-1
(-3 - -1 - -23) + 695 + -728
-12
Calculate -46 + 48 + -41 - -72.
33
Calculate (19 - -21) + 10 + -54.
-4
Calculate -9 - -5 - (77 - 128).
47
Evaluate -130 + 153 + 1 + 58 + 2 + 15.
99
What is (29 - 32) + 12 + (-4 - -2) - -47 - 6?
48
What is 2793 + -2718 - (135 + 0)?
-60
Evaluate (-47 - -40) + -15 - 30.
-52
Evaluate 12 - (-25 - (26 + -146)).
-83
What is the value of (-2 - ((7 - -1) + -11)) + (30 - (-3 - -6))?
28
Evaluate (-125 - -7) + (-43 - -65) - (4 + 2 - -3).
-105
3 + (32 - (-28 - -39))
24
What is the value of -18 + -1 + (-328 - -358) + 0 + -34?
-23
What is the value of (-42 - -36) + -77 - -109?
26
What is the value of -7 - (-207 + 212 + (-5 + 0 - (1 - 4)))?
-10
What is -77 + 29 - -45 - -5?
2
What is -36 - 1 - (-77 + 76 - -9)?
-45
Evaluate 43 + (-3 - 15) + -25 - (0 + -3 + -12).
15
Evaluate -16 + 17 - 17 - 32 - (-6 + 3 + 1).
-46
What is (-55 - -46) + 0 + 4 - 1 - (-15 + -1)?
10
Calculate (-4 - -18 - 1) + -1 - (-500 + 541).
-29
212 + -228 - (-1 + (1 + -4 - 137))
125
Evaluate -76 + 1 - (3 + -1 + -2 + -6 - -20).
-89
-4 + (-31 - -25) - -45
35
Calculate -11 + -1 + 2 + (57 - -22) + -47.
22
What is (3 - (45 + -61)) + 46?
65
-48 + (30 - (-129 + 34))
77
Calculate -3 + -2 + (0 - (9 + -84 + 5)).
65
What is the value of 72 + 51 + -3 + -121?
-1
Calculate 46 + (-38 + 15 - -17 - (-3 + -13)).
56
Calculate (-27 - (-5 + 2)) + (-6993 - -6973).
-44
What is the value of -16 - (16 - (20 + (-6 - 1)))?
-19
What is 0 + -116 + -26 + (-20 + 20 - -5)?
-137
What is -107 + -2 - (-15 + 14 + 5 + -10 + -1)?
-102
Evaluate -47 + (-27 - -52) + 8 + 25.
11
What is 51 - (-6 + -26 - -86)?
-3
Calculate -43 + (5 - -55) + -29.
-12
Calculate 16 - 2 - (-274 + 271).
17
What is 1 + -33 + 30 + -29?
-31
What is -4 - (12 - (17 + -3) - -1) - (2 - 114)?
109
Evaluate -1 + 4 - ((-24 - (8 + -19)) + -1).
17
What is the value of 6 - (-20 + 14 + 7 + 5) - (4 - -32)?
-36
What is the value of -27 + -15 - -101 - 24?
35
What is 12 + 20 + -23 + (-3 - (-7 - -9))?
4
-18 + (52 - (20 + 24 + -19))
9
-5 - -21 - 18 - (8 + 11)
-21
Evaluate 15 - ((-2 - -7) + -20 + -22).
52
What is the value of -9 + 0 + -1 + (-92 - (-208 - -60))?
46
What is -7 - (-54 - (19 - 48))?
18
3 - (-2 + 0) - (-35056 + 35084)
-23
What is the value of -40 - (-11 - 66) - (9 - (0 - 0))?
28
73 + -54 - (62 + 3)
-46
Evaluate -11 + 48 + -1 + (22 - (57 - 21)).
22
What is (5 - -1 - (-16 + -15 + 38 + 1)) + -30?
-32
Calculate -32 - -2 - (-82 - -45).
7
Calculate (1 - -1) + ((-61 - -12) + 15 - 15).
-47
What is the value of -11 + (20 - 6) - 3 - 3 - -69?
66
What is the value of -1 + 1 + 38 - (1553 - 1564) - -5?
54
Evaluate -32 + 7 + 26 - (43 + 0).
-42
Calculate -14 + (-36 - 10) - -20.
-40
Evaluate -1 + -14 - (9 + 0) - (-69 + 71).
-26
What is the value of -46 - (-38 + -9 - -31)?
-30
What is the value of (-1 - (23 + 14 + -131 - -17)) + -10?
66
-8 + 3 + (-5 + 2 + 72 - -5)
69
Calculate -141 - (173 - 235) - (1 - 2).
-78
What is -2 + 2 + -1 + 60 - (232 - (404 - 157))?
74
What is the value of 19 - (-10 - (0 - 11 - -9 - 76))?
-49
Calculate (12 - 22 - 11 - 4) + -10 + 6.
-29
Calculate 52 + -26 + -19 + (-2 - (2 + -63)).
66
13 - (4 + (2 - -45))
-38
(6 - -1) + (59 + -69 - -34)
31
Calculate -5 + -23 + 3 + -1 + 3 + -5 + 5.
-23
What is the value of -23 + 28 + -30 + -45 + (-1 - -3) + -10?
-78
(78 + -75 - 0) + -7 + -11
-15
Calculate -7 + 33 + 6 + -22 + (-6 - (4 - 14)).
14
What is (-43 - (-56 + -13)) + -19 + -1 - 42?
-36
What is the value of (-29 - (-12 + -3 + -1 + 5)) + -12?
-30
Calculate 52 + -35 - (-20 + 0) - (-1 - 3).
41
What is the value of -10 + (3 - -3) + (-23 - -31) + 8 + 55?
67
Evaluate (2 - -20) + 278 + -334.
-34
Calculate 24 - (4 + 6) - 116 - (1 + -11 + 14).
-106
-31 + (-33 - -46) + 36
18
Calculate (-6 - -87) + -69 + -51.
-39
45 + (-39 - ((-11 - -33) + -51))
35
(14 - (-2 - -1)) + (-2608 - -2619)
26
What is 1297 + -1350 + 0 + 115?
62
What is 1868 + -1852 - (1 - 0 - 5 - -1)?
19
(30 - 9) + 0 - (-104 - -100)
25
Calculate -155 + 69 + 87 - (-1 - -27).
-25
Wha